site?
True
Is 67332197 a prime number?
True
Is 16357297 prime?
False
Is 99743309 composite?
False
Is 36781759 prime?
False
Is 1148149231 a composite number?
False
Is 2952759 a composite number?
True
Is 50447807 composite?
True
Is 125842 a composite number?
True
Is 1678507 prime?
True
Is 30432747 a composite number?
True
Is 72696179 composite?
True
Is 158817539 composite?
False
Is 1620319 prime?
True
Is 6712889 prime?
False
Is 244497949 composite?
True
Is 8484149 a prime number?
True
Is 539969 prime?
False
Is 3529723 composite?
True
Is 80020767 a composite number?
True
Is 389507 a prime number?
True
Is 4845539 prime?
True
Is 4775779 a composite number?
True
Is 16744003 prime?
False
Is 21736763 composite?
False
Is 3201689 a prime number?
True
Is 26683667 a prime number?
False
Is 5508889 a prime number?
False
Is 15453989 a prime number?
True
Is 1043549 a prime number?
False
Is 63876649 a prime number?
True
Is 207927329 prime?
False
Is 7146079 prime?
False
Is 82305389 a composite number?
False
Is 49724203 composite?
False
Is 38026441 a prime number?
False
Is 49239874 a prime number?
False
Is 5674177 a composite number?
False
Is 62681 composite?
True
Is 35364647 a prime number?
True
Is 80555635 a composite number?
True
Is 118483543 a composite number?
False
Is 87338767 a composite number?
False
Is 425203529 a composite number?
False
Is 209884309 a composite number?
False
Is 3875537 a prime number?
True
Is 1895237 a composite number?
True
Is 414003131 a composite number?
False
Is 298822993 composite?
True
Is 15036482 a composite number?
True
Is 2836272437 a prime number?
True
Is 4701293 a composite number?
False
Is 15076927 a prime number?
False
Is 60288763 composite?
False
Is 10841023 composite?
False
Is 1432683557 composite?
False
Is 2648897 a prime number?
True
Is 120054193 a composite number?
True
Is 1668757 composite?
False
Is 30140449 composite?
False
Is 229152523 a composite number?
False
Is 398911 a composite number?
True
Is 21398371 composite?
False
Is 15524903 a composite number?
False
Is 4536823 a prime number?
False
Is 16421341 composite?
False
Is 57182651 a prime number?
True
Is 88956463 a prime number?
False
Is 3574617 a prime number?
False
Is 314782867 a composite number?
True
Is 1342769 composite?
True
Is 8870917 prime?
False
Is 22963429 prime?
True
Is 211503 a composite number?
True
Is 4764751 a composite number?
False
Is 282127 a prime number?
True
Is 28521929 prime?
True
Is 285273887 a composite number?
False
Is 1962637 a prime number?
True
Is 1437097 a prime number?
True
Is 32991947 prime?
True
Is 1621551 prime?
False
Is 25172099 a composite number?
True
Is 5521051 a prime number?
True
Is 119581313 a composite number?
False
Is 5270321 prime?
False
Is 1145713 a prime number?
True
Is 215191187 composite?
False
Is 11507911 composite?
False
Is 922247 prime?
True
Is 2004029 a prime number?
True
Is 262867537 a prime number?
True
Is 68756309 a composite number?
False
Is 96620621 composite?
True
Is 66580243 a composite number?
True
Is 206311 composite?
True
Is 93630673 a composite number?
True
Is 2505746 a prime number?
False
Is 12162247 a prime number?
True
Is 13151 composite?
False
Is 33787261 composite?
False
Is 35437811 a composite number?
False
Is 5077517 composite?
False
Is 1853701 a prime number?
True
Is 6421 a composite number?
False
Is 125261989 a prime number?
True
Is 3850811 a prime number?
True
Is 513672691 composite?
True
Is 970493 a composite number?
False
Is 861737 composite?
True
Is 118724143 prime?
False
Is 1643021 prime?
True
Is 40139929 prime?
False
Is 847193 prime?
True
Is 5337707 a prime number?
False
Is 1056291745 prime?
False
Is 23422649 a composite number?
True
Is 4313843 a composite number?
False
Is 2013611 composite?
True
Is 3187733 a composite number?
False
Is 21578717 composite?
True
Is 24940697 composite?
True
Is 53717143 composite?
True
Is 100082095 prime?
False
Is 2214791 composite?
False
Is 1864151 a prime number?
True
Is 28410583 composite?
False
Is 2864387 composite?
True
Is 2575873 a prime number?
False
Is 69508102 prime?
False
Is 68631307 composite?
False
Is 982931 prime?
True
Is 188791571 a composite number?
False
Is 20990891 a prime number?
True
Is 81493 a composite number?
True
Is 9101759 prime?
True
Is 3299167 a composite number?
True
Is 1111117 prime?
False
Is 23080537 prime?
False
Is 238087831 a composite number?
True
Is 3262907 prime?
True
Is 26460277 prime?
True
Is 38424553 a composite number?
False
Is 22524511 prime?
True
Is 78631213 composite?
False
Is 5935843 composite?
False
Is 209017163 prime?
False
Is 93722737 a prime number?
True
Is 25262177 a prime number?
True
Is 22226921 composite?
False
Is 2100071 composite?
False
Is 30333173 a composite number?
True
Is 47809 a prime number?
True
Is 343868237 composite?
False
Is 267101 composite?
True
Is 17544022 prime?
False
Is 7837169 a composite number?
False
Is 624781813 a prime number?
False
Is 75447373 composite?
False
Is 2109269 a composite number?
False
Is 104281 composite?
False
Is 299505799 composite?
False
Is 39303479 a prime number?
True
Is 180533 prime?
True
Is 6564359 a prime number?
True
Is 13500629 a composite number?
True
Is 1348331 prime?
True
Is 295751 a prime number?
True
Is 10725171 a composite number?
True
Is 62061149 composite?
False
Is 2238442 a composite number?
True
Is 48689527 a prime number?
False
Is 3358951 prime?
False
Is 86416961 a prime number?
False
Is 112651729 composite?
False
Is 10049279 a composite number?
False
Is 6452053 composite?
False
Is 6420173 composite?
False
Is 365361281 prime?
True
Is 56529637 composite?
True
Is 50246219 prime?
True
Is 1371989 a prime number?
True
Is 6044161 composite?
True
Is 1258373 composite?
False
Is 1141949 composite?
False
Is 11789587 a prime number?
True
Is 50939149 a composite number?
False
Is 9498107 prime?
True
Is 21715541 prime?
True
Is 14769749 a prime number?
False
Is 21169931 composite?
True
Is 60276743 a composite number?
False
Is 1724939 a prime number?
False
Is 315452127 composite?
True
Is 11426759 a composite number?
True
Is 72509479 prime?
False
Is 21017621 a composite number?
False
Is 14662009 composite?
False
Is 113623109 composite?
False
Is 13032241 a composite number?
True
Is 109589 composite?
False
Is 23791307 a prime number?
False
Is 51017801 composite?
False
Is 6912911 prime?
True
Is 161198861 a prime number?
False
Is 549825487 a composite number?
True
Is 3233437 a prime number?
True
Is 146727331 composite?
False
Is 4363603 a prime number?
False
Is 11965607 composite?
False
Is 4960097 a prime number?
True
Is 31238987 composite?
True
Is 5886149 a prime number?
True
Is 370339 composite?
True
Is 3007937 a prime number?
True
Is 47653531 prime?
False
Is 9587467 a composite number?
False
Is 19455277 composite?
False
Is 13898029 composite?
True
Is 586969 a composite number?
True
Is 304487791 a prime number?
False
Is 5275987 a prime number?
True
Is 38878661 a prime number?
True
Is 3227471 a composite number?
True
Is 54307031 a composite number?
False
Is 1263487 a prime number?
True
Is 1969343 a composite number?
False
Is 5055047 a prime number?
True
Is 9981731 a composite number?
False
Is 120333 prime?
False
Is 54949451 prime?
True
Is 672906139 a composite number?
True
Is 34786987 prime?
True
Is 124382369 a composite number?
True
Is 125863 composite?
False
Is 1086859 composite?
False
Is 484604527 composite?
True
Is 60932339 a prime number?
False
Is 9347473 a prime number?
False
Is 5639819 composite?
True
Is 1325227 composite?
False
Is 21419287 a prime number?
True
Is 5106163 a composite number?
False
Is 2912653 composite?
True
Is 6096379 a composite number?
True
Is 1718251 a composite number?
False
Is 1557457 prime?
False
Is 21124678 composite?
True
Is 6404341 composite?
False
Is 13044169 a prime number?
True
Is 30192451 prime?
False
Is 66443491 a prime number?
True
Is 2528258 a prime number?
False
Is 25697849 composite?
True
Is 39263087 composite?
False
Is 22245539 a composite number?
True
Is 3153427 a composite number?
True
Is 6887255 composite?
True
Is 81427039 composite?
False
Is 253911263 prime?
True
Is 1465637 a prime number?
True
Is 4875943 a prime number?
True
Is 247508779 prime?
False
Is 66020785 composite?
True
Is 496946 a composite number?
True
Is 736461